) - (-6)/9. What is the highest common factor of y and 14?
2
Suppose 0 = 61*v - 65*v + 2464. Let r be 12/8*v/66. What is the greatest common factor of 63 and r?
7
Let s be (-4 + (-1338)/9 + 7)*-3. What is the highest common factor of s and 76?
19
Suppose 4*j = -4*p, -2*p + 16 = -4*j + 40. Let c(f) = f**3 - 2*f**2 - 11. Let q be c(j). Suppose 4*v - 61 = 23. Calculate the highest common factor of q and v.
21
Let c(v) = -3*v**2 - 47*v - 9. Let x = -646 - -631. Let l be c(x). What is the highest common divisor of l and 21?
21
Suppose -22*a + 206 = -102. Suppose 2*f = -0*f + 126. What is the highest common divisor of a and f?
7
Let w(a) = -a**3 + a**2 - a + 182. Let o be w(0). Let d = -8196 + 8222. Calculate the highest common divisor of o and d.
26
Let p be -4*(5 + 23/(-4)). Suppose -7 = p*f - 52. Suppose -34*w = -35*w + f. What is the greatest common divisor of 120 and w?
15
Let y(q) = -156*q + 1631. Let x be y(10). What is the highest common factor of x and 2911?
71
Let p be 1/(5/(-2))*-50. Let y(h) = 280*h - 5585. Let b be y(20). Calculate the greatest common factor of b and p.
5
Suppose 67 + 53 = 4*m. Let s be -4 - 682/(-165) - (-716)/m. What is the greatest common divisor of s and 228?
12
Let d be (-14)/(-4) + -3 + (-338)/(-4). Let u = -36 + d. Suppose 4*h + c - 30 = 0, 4*h - 4*c + 22 = 6*h. Calculate the highest common factor of u and h.
7
Let k(t) = 6*t**3 + t**2 - 3*t + 2. Let g be k(2). Let d = -78 + 82. Suppose 2*y = 2*s - 14 - 12, -12 = -d*y. What is the highest common divisor of s and g?
16
Suppose 0 = -6*z + z + 20. Suppose 0 = 3*f - 2*j + z - 0, -3*f + 16 = 2*j. Suppose 60*a = -775 + 2095. Calculate the greatest common factor of a and f.
2
Let p be (-9567)/(-3) - (-12)/48*-12. What is the greatest common factor of 472 and p?
118
Let i(h) = h**3 + 18*h**2 - 21*h - 48. Let g be i(-3). What is the highest common factor of 1450 and g?
50
Suppose 30*l - 13*l - 2873 = 0. Calculate the greatest common factor of 1612 and l.
13
Suppose 0 = 107*x - 112*x + 4*k + 151049, -4*x + k + 120826 = 0. What is the greatest common factor of x and 7?
7
Let c(j) = -2*j - 31. Let s be c(6). Let a = s + 77. Let p = -271 - -441. Calculate the highest common divisor of p and a.
34
Let z(w) = -2*w**2 - 189*w + 250. Let f be z(-86). What is the highest common divisor of 48 and f?
16
Suppose 16*y - 660 = 13*y. Suppose 0 = -5*h - u + 55, -2*h - 2*u = -0*h - 14. Let c be (30/(-7))/(h/(-56)). What is the greatest common divisor of y and c?
20
Let d be (-5)/(-4)*7*(-56)/(-98). Suppose 12 = -d*b - 3*k + 297, 5*b = 3*k + 255. What is the highest common divisor of 84 and b?
6
Let h be (153 + 10 + 5)*(45/(-5))/(-3). What is the highest common factor of 900 and h?
36
Suppose 524 = 5*v + 4*t, -8 = -178*t + 180*t. Calculate the greatest common divisor of 78 and v.
6
Let z be (-2)/(-7) - ((-108)/14 - -2). Let r be z/2 + -2 + (-2)/1. Let u = r + 11. What is the greatest common divisor of u and 10?
10
Let x be ((-3)/(-3) - 2)/(4/(-360)). Suppose 0*r = -5*r + x. Calculate the highest common divisor of r and 45.
9
Suppose 993 = -3*n + 9. Let u = n + 358. Calculate the greatest common factor of u and 15.
15
Let d = 63 + -16. Let y = 167 - d. Suppose 2*m = 2*x + 8 + 24, 0 = -3*m + 5*x + 50. Calculate the greatest common factor of y and m.
15
Suppose 5*y + 416 = 4*z, -2*z + 142 = 3*y - 44. Suppose 0 = 4*f - 2*f - 132. What is the highest common divisor of z and f?
33
Let m be 26/(3822/620865) - 3*(-1)/7. Calculate the highest common factor of m and 66.
66
Suppose 0 = 4*h - 3*g - 202, 11*h + g = 15*h - 198. Let f(w) = w**2 + 5*w - 3. Let t be f(-8). What is the greatest common factor of t and h?
7
Let m(r) = 4*r**2 + 132*r + 3481. Let f be m(-55). Calculate the highest common divisor of f and 53.
53
Let x(g) = 107*g - 8. Let w be x(-1). Let b = w + 124. Suppose 28 = b*i - 80. What is the greatest common factor of i and 20?
4
Let f = -80 + 125. Let u = 4774 + -4764. Calculate the highest common divisor of f and u.
5
Suppose -1286 - 874 = -54*g. Calculate the greatest common factor of g and 760.
40
Suppose -2*z - 130 = -3*g - 38, -6*g + 5*z + 188 = 0. Calculate the greatest common factor of 868 and g.
28
Let v be (-2)/(-2)*14*75/(-6). Let u = 198 + v. What is the highest common factor of u and 23?
23
Suppose -4*t + 3242 = n, 3*n = -9*t + 14*t - 4044. Calculate the greatest common divisor of 324 and t.
162
Let o(q) = 16*q**3 - 3*q**2 + 3*q - 1. Let b be o(2). Let c = -121206 - -121217. Calculate the greatest common factor of b and c.
11
Let g(w) = 12*w + 25 + 4*w**2 + 73 + 17*w + 31 - 3*w**2. Let i be g(-32). Calculate the greatest common factor of i and 45.
45
Let k(f) = f**2 + 18*f + 20. Let o be k(-17). Suppose -o*v - 24 = -2*m, m - 2*m + 9 = -3*v. Calculate the highest common factor of m and 57.
3
Let v be (-40)/(-6)*(-2 - -11). Suppose -70*p - 4*p + 2900 + 4204 = 0. Calculate the highest common factor of v and p.
12
Suppose 3*u = -2*p + 767 + 1045, -3*u + 2*p = -1836. Let d = 27 - 8. What is the highest common divisor of d and u?
19
Let c = 34708 + -34700. Calculate the highest common divisor of c and 2216.
8
Let v = -2293 + 2425. Calculate the highest common factor of v and 60.
12
Let n = 25 + -58. Let f = n + -235. Let w = f - -422. What is the highest common divisor of w and 14?
14
Suppose -282*f + 10787784 = 61*f + 128*f. What is the highest common divisor of f and 56?
56
Let h = 20 + -10. Suppose -3*q - 3*k + 54 = 0, 0 = 5*q - 5*k - 49 - 31. Let z = q - -13. Calculate the greatest common factor of h and z.
10
Let s(x) = -x**2 - 31*x - 64. Let b be s(-28). Let z be 2/(-10) + (152/10 - -5). Calculate the greatest common divisor of z and b.
20
Let o(t) = 411*t**3 - 6*t**2 + 8*t. Let f be o(1). Calculate the highest common factor of f and 1003.
59
Suppose 2*p - 82 = -6*i + 3*i, 4*i - 8 = 0. Suppose -10 = -4*l - 6. Suppose x = -l, 2*x = -2*u + 242 - 54. Calculate the highest common factor of p and u.
19
Let t(v) = 67*v + 132. Let g(d) = -6*d + 1. Let h(y) = -6*g(y) - t(y). Let s be h(-21). Calculate the greatest common factor of s and 114.
57
Let l = 7426 - 6338. What is the greatest common divisor of 112 and l?
16
Let r(u) = 3*u**3 - 40*u**2 + 77*u - 14. Let f be r(12). Calculate the greatest common divisor of f and 6.
2
Let s(n) = -45*n + 632. Let w be s(14). Let f(r) = -2*r**2 + 7*r + 1. Let c be f(5). Let t be 4/14 - 304/c. What is the greatest common factor of w and t?
2
Let h(o) = -10*o**3 + 7*o**2 + 7*o - 36. Let v be h(-3). Calculate the highest common divisor of v and 132.
12
Suppose 3*l - 5*m = 56, -5*l + 5*m + 69 = -41. What is the highest common divisor of 4 and l?
1
Let u = -7 + 8. Suppose 0 = 9*t - 13*t + 48. Let y be 2 - t*4/(-8). Calculate the highest common divisor of u and y.
1
Suppose -4*f - 872 = 2*o, o - 5*f + 427 = -4*f. Let u = o - -786. What is the greatest common divisor of u and 89?
89
Let z(u) = u**2 - u + 3. Let b be z(0). Let s be (((-3160)/(-25))/2)/(2/5). Suppose 148 - s = -5*l. What is the greatest common factor of l and b?
1
Let v be (-6 - -1)*(6 - 120/25). Let p be (3 + v)/(3/(-9)). What is the greatest common factor of 423 and p?
9
Suppose -9 = 2*z - 5*z. Let o(i) = i - 2*i + 121 - 43 - 28 - 38. Let j be o(z). What is the greatest common divisor of 72 and j?
9
Let d(i) = i**3 - 16*i**2 - 14*i - 46. Let o be d(17). Suppose -5*q + o*j + 152 = 7*j, -3*q + 2*j + 88 = 0. Calculate the greatest common divisor of 66 and q.
6
Let x(g) = -g**3 + 50*g**2 + 3*g - 95. Let j be x(50). Calculate the greatest common divisor of 4015 and j.
55
Let c be (-2)/(-1) + (47 - 1). Let q(d) = d**2 + 29*d + 354. Let x be q(-14). What is the greatest common factor of c and x?
48
Suppose 2*n - 1 = -3*q + 34, -2*n + 3*q + 65 = 0. Let r be 5/n - (1 - 484/5). Suppose j - 7*j = -r. Calculate the highest common factor of j and 8.
8
Let w = -24570 - -25490. What is the highest common divisor of 10 and w?
10
Suppose 120 = -0*h + 2*h. Suppose -h*g + 1360 = -44*g. What is the greatest common factor of g and 34?
17
Let s be 27/4 - (-18)/(-24). Suppose 15*p - s*p = 81. What is the highest common divisor of p and 12?
3
Let a = 105604 - 105598. Let h(l) = -10*l - 1. Let j be h(-1). Calculate the highest common factor of a and j.
3
Let l be 1*(-1 - 555/(-21)) - 4/(-7). Suppose -3*i 